?
118
Calculate the remainder when 3233 is divided by 532.
41
What is the remainder when 258715 is divided by 323?
315
Calculate the remainder when 66688 is divided by 5.
3
Calculate the remainder when 6651 is divided by 278.
257
Calculate the remainder when 31302 is divided by 10426.
24
What is the remainder when 5051 is divided by 1239?
95
What is the remainder when 252651 is divided by 239?
28
What is the remainder when 16589 is divided by 8?
5
Calculate the remainder when 61958 is divided by 186.
20
Calculate the remainder when 8848 is divided by 1061.
360
What is the remainder when 14449 is divided by 687?
22
Calculate the remainder when 275 is divided by 205.
70
Calculate the remainder when 1064 is divided by 215.
204
What is the remainder when 2727 is divided by 569?
451
What is the remainder when 2627 is divided by 173?
32
Calculate the remainder when 16448 is divided by 71.
47
What is the remainder when 138822 is divided by 69408?
6
What is the remainder when 24200 is divided by 732?
44
Calculate the remainder when 2056 is divided by 50.
6
Calculate the remainder when 1613688 is divided by 53.
50
What is the remainder when 62480 is divided by 298?
198
What is the remainder when 46436 is divided by 128?
100
Calculate the remainder when 12973 is divided by 4314.
31
What is the remainder when 1921 is divided by 317?
19
What is the remainder when 39870 is divided by 4974?
78
Calculate the remainder when 8956 is divided by 4430.
96
What is the remainder when 9787 is divided by 466?
1
Calculate the remainder when 178 is divided by 62.
54
What is the remainder when 13882 is divided by 31?
25
Calculate the remainder when 50845 is divided by 50836.
9
What is the remainder when 55265 is divided by 6139?
14
Calculate the remainder when 10716 is divided by 10676.
40
What is the remainder when 33008 is divided by 262?
258
Calculate the remainder when 5349 is divided by 2404.
541
What is the remainder when 2882 is divided by 50?
32
Calculate the remainder when 3503 is divided by 2349.
1154
What is the remainder when 160519 is divided by 10?
9
Calculate the remainder when 3704 is divided by 184.
24
What is the remainder when 582 is divided by 199?
184
What is the remainder when 2459 is divided by 797?
68
Calculate the remainder when 23810 is divided by 11.
6
Calculate the remainder when 194417 is divided by 20.
17
What is the remainder when 12733 is divided by 2102?
121
What is the remainder when 377599 is divided by 236?
235
What is the remainder when 9156 is divided by 158?
150
What is the remainder when 12063 is divided by 574?
9
Calculate the remainder when 958 is divided by 459.
40
Calculate the remainder when 65604 is divided by 32.
4
Calculate the remainder when 699506 is divided by 58.
26
Calculate the remainder when 256044 is divided by 381.
12
Calculate the remainder when 39526 is divided by 7886.
96
What is the remainder when 12712 is divided by 1725?
637
What is the remainder when 37914 is divided by 15?
9
Calculate the remainder when 318192 is divided by 53031.
6
Calculate the remainder when 2542 is divided by 148.
26
What is the remainder when 32618 is divided by 83?
82
What is the remainder when 4744885 is divided by 119?
117
Calculate the remainder when 9782 is divided by 51.
41
Calculate the remainder when 2402234 is divided by 1055.
1054
Calculate the remainder when 2928550 is divided by 467.
460
Calculate the remainder when 459548 is divided by 325.
323
Calculate the remainder when 13833 is divided by 2305.
3
Calculate the remainder when 4154 is divided by 227.
68
What is the remainder when 1517326 is divided by 379326?
22
Calculate the remainder when 1291 is divided by 2.
1
Calculate the remainder when 5065 is divided by 236.
109
What is the remainder when 40645 is divided by 10161?
1
What is the remainder when 972513 is divided by 121563?
9
What is the remainder when 5328 is divided by 268?
236
Calculate the remainder when 11851 is divided by 12.
7
What is the remainder when 47405 is divided by 164?
9
Calculate the remainder when 231108 is divided by 55.
53
Calculate the remainder when 31550 is divided by 11.
2
Calculate the remainder when 18897 is divided by 4303.
1685
What is the remainder when 113445 is divided by 56?
45
What is the remainder when 1487 is divided by 78?
5
What is the remainder when 7603 is divided by 211?
7
What is the remainder when 9105 is divided by 4?
1
What is the remainder when 3460 is divided by 61?
44
Calculate the remainder when 31146 is divided by 43.
14
What is the remainder when 1293 is divided by 12?
9
Calculate the remainder when 67729 is divided by 437.
431
What is the remainder when 7004 is divided by 667?
334
Calculate the remainder when 32261 is divided by 2931.
20
Calculate the remainder when 746639 is divided by 90.
89
What is the remainder when 42005 is divided by 77?
40
What is the remainder when 6681 is divided by 95?
31
Calculate the remainder when 196463 is divided by 295.
288
What is the remainder when 191231 is divided by 63741?
8
Calculate the remainder when 4229 is divided by 635.
419
Calculate the remainder when 16349 is divided by 16184.
165
Calculate the remainder when 1003 is divided by 472.
59
What is the remainder when 958527 is divided by 89?
86
What is the remainder when 280 is divided by 53?
15
Calculate the remainder when 60469 is divided by 688.
613
What is the remainder when 920498 is divided by 906?
2
What is the remainder when 6495 is divided by 404?
31
What is the remainder when 234359 is divided by 126?
125
What is the remainder when 9419 is divided by 3131?
26
Calculate the remainder when 111007 is divided by 925.
7
What is the remainder when 27655 is divided by 538?
217
What is the remainder when 24448 is divided by 2?
0
Calculate the remainder when 1178 is divided by 1145.
33
Calculate the remainder when 12843 is divided by 5127.
2589
Calculate the remainder when 10725 is divided by 58.
53
Calculate the remainder when 17231 is divided by 812.
179
What is the remainder when 535362 is divided by 1483?
1482
What is the remainder when 1975 is divided by 1961?
14
What is the remainder when 1163 is divided by 372?
47
Calculate the remainder when 2074 is divided by 48.
10
Calculate the remainder when 38670 is divided by 4827.
54
Calculate the remainder when 4228 is divided by 3774.
454
What is the remainder when 1177 is divided by 572?
33
What is the remainder when 93503 is divided by 46746?
11
Calculate the remainder when 7940 is divided by 40.
20
What is the remainder when 1414 is divided by 692?
30
What is the remainder when 85880 is divided by 85812?
68
Calculate the remainder when 4054 is divided by 156.
154
What is the remainder when 820661 is divided by 26?
23
Calculate the remainder when 200 is divided by 195.
5
Calculate the remainder when 477104 is divided by 7.
5
Calculate the remainder when 424709 is divided by 297.
296
What is the remainder when 809 is divided by 123?
71
What is the remainder when 613 is divided by 121?
8
Calculate the remainder when 6109 is divided by 131.
83
What is the remainder when 20065 is divided by 4009?
20
Calculate the remainder when 536671 is divided by 16.
15
What is the remainder when 121902 is divided by 9?
6
Calculate the remainder when 2158 is divided by 217.
205
Calculate the remainder when 208163 is divided by 26020.
3
What is the remainder when 115708 is divided by 266?
264
What is the remainder when 67 is divided by 67?
0
What is the remainder when 25625 is divided by 66?
17
What is the remainder when 410141 is divided by 15?
11
Calculate the remainder when 470655 is divided by 21.
3
Calculate the remainder when 7068 is divided by 1763.
16
Calculate the remainder when 6697 is divided by 77.
75
What is the remainder when 238224 is divided by 13?
12
What is the remainder when 490 is divided by 109?
54
Calculate the remainder when 73152 is divided by 192.
0
Calculate the remainder when 18715 is divided by 2333.
51
What is the remainder when 368013 is divided by 123?
120
Calculate the remainder when 14351 is divided by 37.
32
Calculate the remainder when 9220 is divided by 161.
43
Calculate the remainder when 13489 is divided by 231.
91
Calculate the remainder when 13805 is divided by 512.
493
Calculate the remainder w